l = 3*f + 19913. Is l composite?
False
Let s = -125 - -129. Let x(a) = 3*a**3 + 2*a**2 - 7*a + 15. Is x(s) a prime number?
True
Suppose -n + 60 = 14*n. Suppose 4*k - 4980 = 4*c, -n*c + 713 = 4*k - 4299. Is k a composite number?
False
Suppose -212*j + 356742 = -194*j. Is j composite?
False
Let b = -124990 + 291071. Is b a prime number?
True
Is -18427*(-1 - 9/9) a composite number?
True
Suppose -5*c + 2*v = -6*c - 4, -5*c = 3*v - 1. Suppose c*j - 13175 = -5*q, 2*j - 801 = -q + 1842. Is q a prime number?
True
Is 2732364/45 + 9/(-45) a prime number?
True
Let s(a) = 2263*a + 2233*a + 345*a + 539*a - 1132*a - 5. Is s(2) prime?
False
Suppose 8537 = -10*r + 527. Let d = 637 - r. Is d prime?
False
Let m be (-905 - (4 + -6))/((-4)/(-20)). Let g = -2198 - m. Is g a prime number?
False
Let y be -5*(-83102)/18 - 1/(-9). Let u = y - 8715. Is u composite?
False
Let w(h) = -4*h + 14. Suppose -89 = 2*f - 99. Let y be w(f). Let g(c) = 21*c**2 + 18*c - 13. Is g(y) prime?
False
Let j be (-2)/(-7) + 80/112. Let f be j/4 + (-17)/4. Is -2 + (2 - 104/f) a composite number?
True
Suppose 3*d = -15, 4*i + d = -d - 2. Suppose -4*s - 3*h + 7979 = 0, 0 = 5*s - 4*s + i*h - 1996. Is (-4)/10 - s/(-10) a prime number?
True
Suppose -1318*l + 1302*l = -1733552. Is l a composite number?
False
Let u = 918 + -2861. Let k = -826 - u. Is k composite?
False
Let w(s) = -36 + 4 + 458*s - 1. Is w(38) composite?
True
Let g(u) = 960*u**2 + 6*u - 8. Let x be g(3). Suppose x = -m + 6*m. Let l = m + -1043. Is l prime?
False
Is (-750)/100*(-416742)/45 a prime number?
True
Suppose i = 4*z + 12, -3*i + 3*z + 25 = 2*z. Suppose 46 = -9*u - i. Let q(x) = 8*x**2 - 9*x - 1. Is q(u) a prime number?
False
Let v be -34*1 - 15/(15/(-3)). Let j = v + 36. Suppose j*q - 5727 = -762. Is q prime?
False
Let f = 42378 + -14959. Is f a prime number?
False
Is 2 + (-150)/15 - (-1184868)/4 prime?
False
Suppose 0 = 3*p, 4*q + 5*p = 8*q - 30392. Let u = q + -4813. Is u composite?
True
Let p(b) = 9458*b - 399. Is p(2) composite?
False
Let g(n) = n**3 + 12*n**2 - 10*n + 44. Let s be g(-13). Suppose 0 = 5*r + 15, s*o = -r + 4962. Is o composite?
True
Suppose 5*v = 25, 5*v + 252304 = 5*a - 2545806. Is a prime?
False
Let i = 51249 - 9572. Is i a prime number?
False
Let z = 8 - 0. Suppose -z = 4*u, f + 4*u = 2*f - 4. Is (76 - 1) + -2 - f prime?
False
Suppose 5*a + 4*n - 197892 = 33969, -46361 = -a + 2*n. Is a composite?
True
Suppose -j + 29930 = 3*a, 0 = -4*a + 9*a - 3*j - 49888. Let n = a + -1464. Is n composite?
False
Let x be (6/9)/(3/15417). Suppose 4*r - x = 3402. Is r prime?
False
Let n = -202 + 207. Suppose 6*v - 4609 = -n*v. Is v composite?
False
Let t(a) = -23*a**2 - 3*a**3 + 9*a**2 - 4*a**2 + 6*a - 16 + 2*a**2. Is t(-13) prime?
True
Let u be 1 - ((-8)/16 + 530/(-4)). Let g = u - 135. Is (2 + 669/g)/(-1) composite?
True
Suppose 0*m - 8*m + 62469 = m. Is m composite?
True
Let p be (56/(-44))/7 + (-180)/(-22). Is ((-19150)/24 - (-2)/p)*-3 prime?
True
Let d be ((-480)/25)/(-6)*10. Suppose 0 = 27*v - d*v + 20. Is 731 - (v + 28/(-4)) a prime number?
False
Let y(a) = -5*a**2 - a + 7. Let x(i) = -i**3 + 9*i**2 + 3*i - 15. Let c(d) = 2*x(d) + 5*y(d). Let h be c(-4). Suppose 15*k + 2794 = h*k. Is k prime?
False
Suppose 450*c - 191*c - 338437631 = 0. Is c a composite number?
True
Let l(o) = -44*o - 135. Let a(q) = 17*q + 8. Let n be a(-2). Is l(n) composite?
False
Let r = 17 - 25. Let q be (4 - (r + 1))/((-1)/(-143)). Let l = q - 708. Is l prime?
False
Let x(k) = 95*k + 25. Let z be x(-1). Let m = z + 227. Is m prime?
True
Let j(v) = v - 4. Let n be j(6). Suppose 0 = n*f + 3*f. Suppose -2*h + 3*h - 269 = f. Is h a composite number?
False
Let u = -4539 - -7442. Is u composite?
False
Suppose 5*p + 32 = -v + 45, 0 = 2*v - 4*p - 40. Suppose y + 2*a = 15849, 14*a - v*a + 47557 = 3*y. Is y a prime number?
True
Suppose -142*b = -149*b + 3047124 - 587611. Is b composite?
False
Is 34465430/34 - 13/(-663)*-6 a composite number?
True
Let c(j) = 2*j**3 - 55*j**2 + 127*j + 33. Let k = 388 - 353. Is c(k) a composite number?
False
Suppose 18*n - 41*n + 6601 = 0. Is n a prime number?
False
Suppose -a - 13 = -l, 0 = 2*l + 7*a - 11*a - 36. Suppose 0 = 20*n - l*n - 42072. Is n a composite number?
True
Let z(y) = 2*y**3 - 28*y**2 - 24*y - 10. Let f be z(17). Suppose -983 = -2*v - c - 317, 0 = -4*v + 2*c + f. Is v composite?
False
Let c be (-8*6/(-40))/(3/(-56590)). Let o = -11745 - c. Is o prime?
True
Let w(q) = -892*q + 6. Let k be w(-3). Let y be (20/(-3) + 2)/((-12)/k). Suppose -1590 = -3*x - m, 2*x = 5*m - 0*m + y. Is x a prime number?
False
Suppose 2*x + 976 = a, 5*a - 4*x - 2921 - 1989 = 0. Is (-9)/(9/(-3)) + a composite?
True
Suppose 0*l + 2*l - 4 = -3*u, l - u - 2 = 0. Is ((4 - 9) + -17)*(-239)/l prime?
False
Let u(t) = t**3 + 7*t**2 - 19*t - 6. Suppose -6*z = -z + 45. Let j be u(z). Suppose -4*m = -j*w - 3*m + 1765, 0 = -w - 3*m + 595. Is w a composite number?
True
Suppose 0*x - 5*b = -x - 11, b = 3*x + 5. Let q be -166 - ((4 - 3) + x)*1. Is (2*-3*q/6)/2 a prime number?
True
Is (-65)/13 + (8958 + -3)*108/5 prime?
True
Let s(n) = 19*n**2 + 6*n - 1. Let p be s(-2). Is p/(-6)*(-1758)/9 composite?
True
Let y(r) = -17*r - 19. Let f = -66 + 69. Suppose 0 = f*t - 0 + 18. Is y(t) a composite number?
False
Suppose -228565933 - 169343333 = -318*r. Is r composite?
False
Let t be (-8331)/2*(-5)/(60/128). Suppose -8*k = 8*k - t. Is k composite?
False
Is 6 - (-8)/(-8) - -24*352 a composite number?
True
Let i be -4 - -2 - (5886*4)/(-3). Suppose i + 6960 = 11*d. Is d a prime number?
False
Let y be (-2)/(-10) - (486/30 - 14). Is (10 - 13)*1018/4*y a composite number?
True
Is (-3346370)/(-4)*(-1902)/(-4755) prime?
True
Let l(t) = 22*t**2 + 12*t - 1. Let z be l(-19). Let d = -1299 + z. Is (d/(-4))/(42/(-140)) composite?
True
Suppose u + 0*u = 3. Suppose -o - 9 = -3*f, 0 = -u*f - 2*o - 0*o. Let m(i) = 935*i - 5. Is m(f) a composite number?
True
Let w be (0/(4 + -1))/2. Suppose w = -j - 3*z + 1513, -1503 = -j - 7*z + 9*z. Is j prime?
False
Let p(c) = 381*c**2 - 4*c + 16. Let b be p(10). Suppose 5*t = s + b, 5*s + 3 + 2 = 0. Is t composite?
True
Suppose -3*n - 6*n = 81. Let d be n/3*3/3. Let o(v) = -52*v**3 - v**2 + v - 7. Is o(d) a prime number?
False
Let x = -1144 + 2174. Let s = x + 1716. Is s a prime number?
False
Suppose -8*l = -4*l - 184. Suppose -l*n = -33*n - 166153. Is n a composite number?
False
Let j(s) = -1351*s - 23. Let o be j(9). Let r = o - -18943. Is r a prime number?
True
Suppose -4*w + 180655 = 3*u, 4*u + 97876 = -4*w + 278532. Is w prime?
False
Let p = 230 - 233. Is -3 + (-303085)/(-35) - p/7 prime?
False
Let o(k) = -705*k - 76. Let w be o(-4). Suppose w = 5*j - 51021. Is j prime?
True
Suppose 5*m - 2*a = 16, -4*a - 20 = -4*m - 0. Suppose 5*x + 3*f = -0*x + 411, -3*x - m*f + 247 = 0. Let i = x - 58. Is i a prime number?
True
Suppose -4*m = -a - 1310752, -2*a - 161811 = -m + 165870. Is m a composite number?
False
Suppose -3578508 = -3*h + 3*q, -50*h + 52*h - 2385697 = -3*q. Is h a prime number?
False
Let z(n) = n**3 + 8*n**2 + 5*n - 10. Let u be z(-7). Suppose -11*f + u*f = -2345. Is f prime?
False
Suppose -2*a - 4*p + 7170 = 0, p - 14347 = 2*a - 6*a. Suppose 0 = -96*g + 95*g + 2*h + a, -2*h = -4*g + 14366. Is g a prime number?
True
Let o = 6417 - 4052. Let f be 12 - 441 - (0 + -1). Let q = f + o. Is q a prime number?
False
Suppose -14*v - 18*v + 16769659 - 4094043 = 0. Is v prime?
False
Suppose 5*q + 0*k = 4*k + 18, -15 = -2*q - k. Suppose q*c - 20055 = -29*c. Is c composite?
True
Suppose 1144596 = 4*y + 2*q, -3*y + 6*y + 4*q - 858457 = 0. Is y prime?
False
Suppose 10*b - 6*b = 704. Let m = 3659 + -1466. Let h = m - b. Is h a composite number?
False
Suppose 3*w - 21 = -12. Suppose -w*t + 16 = 4. Suppose 2*u - 4710 = -t*v, -u = -4*v - 645 - 1728. Is u a prime number?
False
Let k = -19 + 19. Suppose k = 3*q + 2*q - 7940. Let y = 2267 - q. Is y composite?
True
Let z = 9015 - 2528. Is z a prime number?
False
Suppose 2*l - 10 = -n - 32, n + 25 = l. Let x(q) = -240*q + 119. Is x(n) a composite number?
False
Let p be ((-6)/(-5))/(3783/(-1890) - -2). Let k = p + 1127. Suppose 2*w + 2*m - 1863 = -3*w, k = w + 2*m. Is w a composite number?
False
Suppose 5*m = 6*m - 5. Let z be (330/2 - -5) + 3. Suppose -2172 - z = -m*t. Is t a composite numb